{"id":202,"date":"2025-01-17T12:15:23","date_gmt":"2025-01-17T11:15:23","guid":{"rendered":"https:\/\/abire.es\/nuevaweb\/?page_id=202"},"modified":"2025-12-29T12:38:16","modified_gmt":"2025-12-29T11:38:16","slug":"nosotros","status":"publish","type":"page","link":"https:\/\/abire.es\/nuevaweb\/nosotros\/","title":{"rendered":"Nosotros"},"content":{"rendered":"\t\t<div data-elementor-type=\"wp-page\" data-elementor-id=\"202\" class=\"elementor elementor-202\" data-elementor-post-type=\"page\">\n\t\t\t\t<div class=\"elementor-element elementor-element-a1ab3d9 e-flex e-con-boxed e-con e-parent\" data-id=\"a1ab3d9\" data-element_type=\"container\">\n\t\t\t\t\t<div class=\"e-con-inner\">\n\t\t\t\t<div class=\"elementor-element elementor-element-1e5b381 elementor-widget__width-inherit elementor-invisible elementor-widget elementor-widget-heading\" data-id=\"1e5b381\" data-element_type=\"widget\" data-settings=\"{&quot;_animation&quot;:&quot;fadeInUp&quot;}\" data-widget_type=\"heading.default\">\n\t\t\t\t<div class=\"elementor-widget-container\">\n\t\t\t\t\t<h2 class=\"elementor-heading-title elementor-size-default\">\u00bfQui\u00e9nes somos?<\/h2>\t\t\t\t<\/div>\n\t\t\t\t<\/div>\n\t\t\t\t<div class=\"elementor-element elementor-element-7042619 elementor-icon-list--layout-inline elementor-align-center elementor-widget__width-inherit elementor-list-item-link-full_width elementor-invisible elementor-widget elementor-widget-icon-list\" data-id=\"7042619\" data-element_type=\"widget\" data-settings=\"{&quot;_animation&quot;:&quot;fadeInUp&quot;,&quot;_animation_delay&quot;:200}\" data-widget_type=\"icon-list.default\">\n\t\t\t\t<div class=\"elementor-widget-container\">\n\t\t\t\t\t\t\t<ul class=\"elementor-icon-list-items elementor-inline-items\">\n\t\t\t\t\t\t\t<li class=\"elementor-icon-list-item elementor-inline-item\">\n\t\t\t\t\t\t\t\t\t\t\t<a href=\"#\">\n\n\t\t\t\t\t\t\t\t\t\t\t<span class=\"elementor-icon-list-text\">Home<\/span>\n\t\t\t\t\t\t\t\t\t\t\t<\/a>\n\t\t\t\t\t\t\t\t\t<\/li>\n\t\t\t\t\t\t\t\t<li class=\"elementor-icon-list-item elementor-inline-item\">\n\t\t\t\t\t\t\t\t\t\t\t<a href=\"https:\/\/abire.es\/nuevaweb\/\">\n\n\t\t\t\t\t\t\t\t\t\t\t\t<span class=\"elementor-icon-list-icon\">\n\t\t\t\t\t\t\t<i aria-hidden=\"true\" class=\"icon icon-right-arrow\"><\/i>\t\t\t\t\t\t<\/span>\n\t\t\t\t\t\t\t\t\t\t<span class=\"elementor-icon-list-text\">Nosotros<\/span>\n\t\t\t\t\t\t\t\t\t\t\t<\/a>\n\t\t\t\t\t\t\t\t\t<\/li>\n\t\t\t\t\t\t<\/ul>\n\t\t\t\t\t\t<\/div>\n\t\t\t\t<\/div>\n\t\t\t\t\t<\/div>\n\t\t\t\t<\/div>\n\t\t<div class=\"elementor-element elementor-element-46d0cd5 e-con-full e-flex e-con e-parent\" data-id=\"46d0cd5\" data-element_type=\"container\">\n\t\t<div class=\"elementor-element elementor-element-2282882 e-con-full e-flex e-con e-child\" data-id=\"2282882\" data-element_type=\"container\">\n\t\t<div class=\"elementor-element elementor-element-54e69e6 e-con-full e-flex elementor-invisible e-con e-child\" data-id=\"54e69e6\" data-element_type=\"container\" data-settings=\"{&quot;background_background&quot;:&quot;classic&quot;,&quot;animation&quot;:&quot;fadeIn&quot;}\">\n\t\t\t\t<div class=\"elementor-element elementor-element-b810cd9 elementor-widget-divider--view-line elementor-widget elementor-widget-divider\" data-id=\"b810cd9\" data-element_type=\"widget\" data-widget_type=\"divider.default\">\n\t\t\t\t<div class=\"elementor-widget-container\">\n\t\t\t\t\t\t\t<div class=\"elementor-divider\">\n\t\t\t<span class=\"elementor-divider-separator\">\n\t\t\t\t\t\t<\/span>\n\t\t<\/div>\n\t\t\t\t\t\t<\/div>\n\t\t\t\t<\/div>\n\t\t\t\t<\/div>\n\t\t<div class=\"elementor-element elementor-element-11175ff e-con-full e-flex e-con e-child\" data-id=\"11175ff\" data-element_type=\"container\">\n\t\t\t\t<div class=\"elementor-element elementor-element-637bcf9 elementor-widget__width-inherit elementor-invisible elementor-widget elementor-widget-text-editor\" data-id=\"637bcf9\" data-element_type=\"widget\" data-settings=\"{&quot;_animation&quot;:&quot;fadeInUp&quot;}\" data-widget_type=\"text-editor.default\">\n\t\t\t\t<div class=\"elementor-widget-container\">\n\t\t\t\t\t\t\t\t\t<p>abire formaci\u00f3n<\/p>\t\t\t\t\t\t\t\t<\/div>\n\t\t\t\t<\/div>\n\t\t\t\t<div class=\"elementor-element elementor-element-8e7d33f elementor-widget__width-inherit elementor-invisible elementor-widget elementor-widget-heading\" data-id=\"8e7d33f\" data-element_type=\"widget\" data-settings=\"{&quot;_animation&quot;:&quot;fadeInUp&quot;,&quot;_animation_delay&quot;:200}\" data-widget_type=\"heading.default\">\n\t\t\t\t<div class=\"elementor-widget-container\">\n\t\t\t\t\t<h1 class=\"elementor-heading-title elementor-size-default\">Impulsamos tu futuro empresarial<\/h1>\t\t\t\t<\/div>\n\t\t\t\t<\/div>\n\t\t\t\t<div class=\"elementor-element elementor-element-d2568c7 elementor-invisible elementor-widget elementor-widget-text-editor\" data-id=\"d2568c7\" data-element_type=\"widget\" data-settings=\"{&quot;_animation&quot;:&quot;fadeInUp&quot;,&quot;_animation_delay&quot;:400}\" data-widget_type=\"text-editor.default\">\n\t\t\t\t<div class=\"elementor-widget-container\">\n\t\t\t\t\t\t\t\t\t<p>En <strong>Abire<\/strong>, creemos que la formaci\u00f3n es la clave para acceder a nuevas oportunidades laborales. Brindamos formaci\u00f3n, herramientas y asesoramiento necesarios para que j\u00f3venes consigan su primer empleo. Contamos con programas actualizados, docentes especializados y una metodolog\u00eda pr\u00e1ctica que permitir\u00e1 a las empresas obtener personas candidatas adecuadas para contratar.\u00a0<\/p>\t\t\t\t\t\t\t\t<\/div>\n\t\t\t\t<\/div>\n\t\t\t\t<\/div>\n\t\t\t\t<\/div>\n\t\t\t\t<\/div>\n\t\t<div class=\"elementor-element elementor-element-8d4dbc7 e-con-full e-flex e-con e-parent\" data-id=\"8d4dbc7\" data-element_type=\"container\">\n\t\t<div class=\"elementor-element elementor-element-4fddf7c e-con-full e-flex e-con e-child\" data-id=\"4fddf7c\" data-element_type=\"container\">\n\t\t<div class=\"elementor-element elementor-element-dff5e5f e-con-full e-flex e-con e-child\" data-id=\"dff5e5f\" data-element_type=\"container\">\n\t\t\t\t<div class=\"elementor-element elementor-element-a79c7a0 elementor-widget__width-inherit elementor-invisible elementor-widget elementor-widget-text-editor\" data-id=\"a79c7a0\" data-element_type=\"widget\" data-settings=\"{&quot;_animation&quot;:&quot;fadeInUp&quot;}\" data-widget_type=\"text-editor.default\">\n\t\t\t\t<div class=\"elementor-widget-container\">\n\t\t\t\t\t\t\t\t\t<p>abire formaci\u00f3n<\/p>\t\t\t\t\t\t\t\t<\/div>\n\t\t\t\t<\/div>\n\t\t\t\t<div class=\"elementor-element elementor-element-1e681cc elementor-widget__width-inherit elementor-invisible elementor-widget elementor-widget-heading\" data-id=\"1e681cc\" data-element_type=\"widget\" data-settings=\"{&quot;_animation&quot;:&quot;fadeInUp&quot;,&quot;_animation_delay&quot;:200}\" data-widget_type=\"heading.default\">\n\t\t\t\t<div class=\"elementor-widget-container\">\n\t\t\t\t\t<h1 class=\"elementor-heading-title elementor-size-default\">Generamos oportunidades<\/h1>\t\t\t\t<\/div>\n\t\t\t\t<\/div>\n\t\t\t\t<div class=\"elementor-element elementor-element-a48df23 elementor-invisible elementor-widget elementor-widget-text-editor\" data-id=\"a48df23\" data-element_type=\"widget\" data-settings=\"{&quot;_animation&quot;:&quot;fadeInUp&quot;,&quot;_animation_delay&quot;:400}\" data-widget_type=\"text-editor.default\">\n\t\t\t\t<div class=\"elementor-widget-container\">\n\t\t\t\t\t\t\t\t\t<p>En un mundo laboral en constante evoluci\u00f3n, la <strong>formaci\u00f3n<\/strong> es el primer paso para acceder a mejores oportunidades. Apostamos por una ense\u00f1anza de calidad, con un enfoque pr\u00e1ctico y orientado a resultados, garantizando que cada alumno\/a adquiera los conocimientos y competencias necesarias para destacar en su sector.\u00a0<\/p>\t\t\t\t\t\t\t\t<\/div>\n\t\t\t\t<\/div>\n\t\t\t\t<\/div>\n\t\t<div class=\"elementor-element elementor-element-5a39b13 e-con-full e-flex elementor-invisible e-con e-child\" data-id=\"5a39b13\" data-element_type=\"container\" data-settings=\"{&quot;background_background&quot;:&quot;classic&quot;,&quot;animation&quot;:&quot;fadeIn&quot;}\">\n\t\t\t\t<div class=\"elementor-element elementor-element-7db6f4d elementor-widget-divider--view-line elementor-widget elementor-widget-divider\" data-id=\"7db6f4d\" data-element_type=\"widget\" data-widget_type=\"divider.default\">\n\t\t\t\t<div class=\"elementor-widget-container\">\n\t\t\t\t\t\t\t<div class=\"elementor-divider\">\n\t\t\t<span class=\"elementor-divider-separator\">\n\t\t\t\t\t\t<\/span>\n\t\t<\/div>\n\t\t\t\t\t\t<\/div>\n\t\t\t\t<\/div>\n\t\t\t\t<\/div>\n\t\t\t\t<\/div>\n\t\t\t\t<\/div>\n\t\t<div class=\"elementor-element elementor-element-16cfd1e e-con-full e-flex e-con e-parent\" data-id=\"16cfd1e\" data-element_type=\"container\">\n\t\t<div class=\"elementor-element elementor-element-e5a7b75 e-con-full e-flex e-con e-child\" data-id=\"e5a7b75\" data-element_type=\"container\">\n\t\t<div class=\"elementor-element elementor-element-6593592 e-con-full e-flex elementor-invisible e-con e-child\" data-id=\"6593592\" data-element_type=\"container\" data-settings=\"{&quot;background_background&quot;:&quot;classic&quot;,&quot;animation&quot;:&quot;fadeIn&quot;}\">\n\t\t\t\t<div class=\"elementor-element elementor-element-f14c92e elementor-widget-divider--view-line elementor-widget elementor-widget-divider\" data-id=\"f14c92e\" data-element_type=\"widget\" data-widget_type=\"divider.default\">\n\t\t\t\t<div class=\"elementor-widget-container\">\n\t\t\t\t\t\t\t<div class=\"elementor-divider\">\n\t\t\t<span class=\"elementor-divider-separator\">\n\t\t\t\t\t\t<\/span>\n\t\t<\/div>\n\t\t\t\t\t\t<\/div>\n\t\t\t\t<\/div>\n\t\t\t\t<\/div>\n\t\t<div class=\"elementor-element elementor-element-a3e74e6 e-con-full e-flex e-con e-child\" data-id=\"a3e74e6\" data-element_type=\"container\">\n\t\t\t\t<div class=\"elementor-element elementor-element-ce5ed33 elementor-widget__width-inherit elementor-invisible elementor-widget elementor-widget-text-editor\" data-id=\"ce5ed33\" data-element_type=\"widget\" data-settings=\"{&quot;_animation&quot;:&quot;fadeInUp&quot;}\" data-widget_type=\"text-editor.default\">\n\t\t\t\t<div class=\"elementor-widget-container\">\n\t\t\t\t\t\t\t\t\t<p>abire formaci\u00f3n<\/p>\t\t\t\t\t\t\t\t<\/div>\n\t\t\t\t<\/div>\n\t\t\t\t<div class=\"elementor-element elementor-element-043ab6d elementor-widget__width-inherit elementor-invisible elementor-widget elementor-widget-heading\" data-id=\"043ab6d\" data-element_type=\"widget\" data-settings=\"{&quot;_animation&quot;:&quot;fadeInUp&quot;,&quot;_animation_delay&quot;:200}\" data-widget_type=\"heading.default\">\n\t\t\t\t<div class=\"elementor-widget-container\">\n\t\t\t\t\t<h1 class=\"elementor-heading-title elementor-size-default\"><h1 class=\"elementor-heading-title elementor-size-default elementor-inline-editing pen\" data-elementor-setting-key=\"title\" data-pen-placeholder=\"Type Here...\" style=\"font-family: Manrope, sans-serif;font-weight: 600;line-height: 67.2px;font-size: 48px;text-transform: none;font-style: normal;text-decoration: none;letter-spacing: -0.4px\">Formaci\u00f3n de calidad para un mejor empleo<\/h1><\/h1>\t\t\t\t<\/div>\n\t\t\t\t<\/div>\n\t\t\t\t<div class=\"elementor-element elementor-element-26285bd elementor-invisible elementor-widget elementor-widget-text-editor\" data-id=\"26285bd\" data-element_type=\"widget\" data-settings=\"{&quot;_animation&quot;:&quot;fadeInUp&quot;,&quot;_animation_delay&quot;:400}\" data-widget_type=\"text-editor.default\">\n\t\t\t\t<div class=\"elementor-widget-container\">\n\t\t\t\t\t\t\t\t\t<p><b>Abire Formaci\u00f3n<\/b>\u00a0se consolida en los \u00faltimos a\u00f1os como una empresa seria, con un amplio abanico de cursos y con presencia a nivel nacional. Abire cuenta con una plantilla de\u00a0<i>profesionales con m\u00e1s de 30 a\u00f1os de experiencia en el sector.<\/i>\u00a0<\/p><p>Nos basamos en cuatro pilares para ofrecer nuestro servicio;\u00a0<i>asesoramiento, garant\u00eda, experiencia y cercan\u00eda.<\/i><\/p><p>Con estos pilares construimos una empresa bien asentada dentro del mundo de la formaci\u00f3n, con una buena reputaci\u00f3n que nos diferencia de la competencia por nuestro buen hacer con alumnos, empresas y entidades asociadas o colaboradoras.<\/p>\t\t\t\t\t\t\t\t<\/div>\n\t\t\t\t<\/div>\n\t\t\t\t<\/div>\n\t\t\t\t<\/div>\n\t\t\t\t<\/div>\n\t\t<div class=\"elementor-element elementor-element-d3c30e9 e-flex e-con-boxed e-con e-parent\" data-id=\"d3c30e9\" data-element_type=\"container\">\n\t\t\t\t\t<div class=\"e-con-inner\">\n\t\t\t\t<div class=\"elementor-element elementor-element-ad3e231 elementor-widget__width-inherit elementor-invisible elementor-widget elementor-widget-heading\" data-id=\"ad3e231\" data-element_type=\"widget\" data-settings=\"{&quot;_animation&quot;:&quot;fadeInUp&quot;}\" data-widget_type=\"heading.default\">\n\t\t\t\t<div class=\"elementor-widget-container\">\n\t\t\t\t\t<h2 class=\"elementor-heading-title elementor-size-default\">\u00bfC\u00f3mo podemos ayudarte?<\/h2>\t\t\t\t<\/div>\n\t\t\t\t<\/div>\n\t\t\t\t\t<\/div>\n\t\t\t\t<\/div>\n\t\t\t\t<section class=\"elementor-section elementor-top-section elementor-element elementor-element-2d26785 envato-kit-141-top-0 elementor-section-content-middle elementor-section-boxed elementor-section-height-default elementor-section-height-default\" data-id=\"2d26785\" data-element_type=\"section\" data-settings=\"{&quot;background_background&quot;:&quot;classic&quot;}\">\n\t\t\t\t\t\t\t<div class=\"elementor-background-overlay\"><\/div>\n\t\t\t\t\t\t\t<div class=\"elementor-container elementor-column-gap-wider\">\n\t\t\t\t\t<div class=\"elementor-column elementor-col-50 elementor-top-column elementor-element elementor-element-5c7265b\" data-id=\"5c7265b\" data-element_type=\"column\">\n\t\t\t<div class=\"elementor-widget-wrap elementor-element-populated\">\n\t\t\t\t\t\t<div class=\"elementor-element elementor-element-937885c elementor-invisible elementor-widget elementor-widget-google_maps\" data-id=\"937885c\" data-element_type=\"widget\" data-settings=\"{&quot;_animation&quot;:&quot;fadeIn&quot;,&quot;_animation_delay&quot;:300}\" data-widget_type=\"google_maps.default\">\n\t\t\t\t<div class=\"elementor-widget-container\">\n\t\t\t\t\t\t\t<div class=\"elementor-custom-embed\">\n\t\t\t<iframe loading=\"lazy\"\n\t\t\t\t\tsrc=\"https:\/\/maps.google.com\/maps?q=calle%20el%20efebo%2C%206%2C%20p%C3%B3ligono%20industrial%20de%20antequera&#038;t=m&#038;z=14&#038;output=embed&#038;iwloc=near\"\n\t\t\t\t\ttitle=\"calle el efebo, 6, p\u00f3ligono industrial de antequera\"\n\t\t\t\t\taria-label=\"calle el efebo, 6, p\u00f3ligono industrial de antequera\"\n\t\t\t><\/iframe>\n\t\t<\/div>\n\t\t\t\t\t\t<\/div>\n\t\t\t\t<\/div>\n\t\t\t\t\t<\/div>\n\t\t<\/div>\n\t\t\t\t<div class=\"elementor-column elementor-col-50 elementor-top-column elementor-element elementor-element-200d9bd envato-kit-141-newsletter-inline elementor-invisible\" data-id=\"200d9bd\" data-element_type=\"column\" data-settings=\"{&quot;background_background&quot;:&quot;classic&quot;,&quot;animation&quot;:&quot;pulse&quot;,&quot;animation_delay&quot;:200}\">\n\t\t\t<div class=\"elementor-widget-wrap elementor-element-populated\">\n\t\t\t\t\t\t<div class=\"elementor-element elementor-element-8974a27 elementor-widget__width-inherit elementor-invisible elementor-widget elementor-widget-heading\" data-id=\"8974a27\" data-element_type=\"widget\" data-settings=\"{&quot;_animation&quot;:&quot;fadeInUp&quot;}\" data-widget_type=\"heading.default\">\n\t\t\t\t<div class=\"elementor-widget-container\">\n\t\t\t\t\t<h2 class=\"elementor-heading-title elementor-size-default\">\u00a1Te asesoramos!<\/h2>\t\t\t\t<\/div>\n\t\t\t\t<\/div>\n\t\t\t\t<div class=\"elementor-element elementor-element-6034cd9 elementor-widget elementor-widget-spacer\" data-id=\"6034cd9\" data-element_type=\"widget\" data-widget_type=\"spacer.default\">\n\t\t\t\t<div class=\"elementor-widget-container\">\n\t\t\t\t\t\t\t<div class=\"elementor-spacer\">\n\t\t\t<div class=\"elementor-spacer-inner\"><\/div>\n\t\t<\/div>\n\t\t\t\t\t\t<\/div>\n\t\t\t\t<\/div>\n\t\t\t\t<div class=\"elementor-element elementor-element-f163d03 elementor-widget__width-initial elementor-button-align-stretch elementor-widget elementor-widget-form\" data-id=\"f163d03\" data-element_type=\"widget\" data-settings=\"{&quot;step_next_label&quot;:&quot;Next&quot;,&quot;step_previous_label&quot;:&quot;Previous&quot;,&quot;step_type&quot;:&quot;number_text&quot;,&quot;step_icon_shape&quot;:&quot;circle&quot;}\" data-widget_type=\"form.default\">\n\t\t\t\t<div class=\"elementor-widget-container\">\n\t\t\t\t\t\t\t<form class=\"elementor-form\" method=\"post\" name=\"New Form\" aria-label=\"New Form\">\n\t\t\t<input type=\"hidden\" name=\"post_id\" value=\"202\"\/>\n\t\t\t<input type=\"hidden\" name=\"form_id\" value=\"f163d03\"\/>\n\t\t\t<input type=\"hidden\" name=\"referer_title\" value=\"Nosotros\" \/>\n\n\t\t\t\t\t\t\t<input type=\"hidden\" name=\"queried_id\" value=\"202\"\/>\n\t\t\t\n\t\t\t<div class=\"elementor-form-fields-wrapper elementor-labels-above\">\n\t\t\t\t\t\t\t\t<div class=\"elementor-field-type-text elementor-field-group elementor-column elementor-field-group-field_1887c54 elementor-col-100\">\n\t\t\t\t\t\t\t\t\t\t\t\t\t<input size=\"1\" type=\"text\" name=\"form_fields[field_1887c54]\" id=\"form-field-field_1887c54\" class=\"elementor-field elementor-size-md  elementor-field-textual\" placeholder=\"Nombre\">\n\t\t\t\t\t\t\t\t\t\t\t<\/div>\n\t\t\t\t\t\t\t\t<div class=\"elementor-field-type-text elementor-field-group elementor-column elementor-field-group-field_de0ef90 elementor-col-100\">\n\t\t\t\t\t\t\t\t\t\t\t\t\t<input size=\"1\" type=\"text\" name=\"form_fields[field_de0ef90]\" id=\"form-field-field_de0ef90\" class=\"elementor-field elementor-size-md  elementor-field-textual\" placeholder=\"Email\">\n\t\t\t\t\t\t\t\t\t\t\t<\/div>\n\t\t\t\t\t\t\t\t<div class=\"elementor-field-type-text elementor-field-group elementor-column elementor-field-group-field_f07bd66 elementor-col-100\">\n\t\t\t\t\t\t\t\t\t\t\t\t\t<input size=\"1\" type=\"text\" name=\"form_fields[field_f07bd66]\" id=\"form-field-field_f07bd66\" class=\"elementor-field elementor-size-md  elementor-field-textual\" placeholder=\"Tel\u00e9fono\">\n\t\t\t\t\t\t\t\t\t\t\t<\/div>\n\t\t\t\t\t\t\t\t<div class=\"elementor-field-type-select elementor-field-group elementor-column elementor-field-group-field_857f795 elementor-col-100 elementor-field-required\">\n\t\t\t\t\t\t\t<div class=\"elementor-field elementor-select-wrapper remove-before \">\n\t\t\t<div class=\"select-caret-down-wrapper\">\n\t\t\t\t<svg aria-hidden=\"true\" class=\"e-font-icon-svg e-eicon-caret-down\" viewBox=\"0 0 571.4 571.4\" xmlns=\"http:\/\/www.w3.org\/2000\/svg\"><path d=\"M571 393Q571 407 561 418L311 668Q300 679 286 679T261 668L11 418Q0 407 0 393T11 368 36 357H536Q550 357 561 368T571 393Z\"><\/path><\/svg>\t\t\t<\/div>\n\t\t\t<select name=\"form_fields[field_857f795]\" id=\"form-field-field_857f795\" class=\"elementor-field-textual elementor-size-md\" required=\"required\">\n\t\t\t\t\t\t\t\t\t<option value=\"Contrato de formaci\u00f3n en alternancia\">Contrato de formaci\u00f3n en alternancia<\/option>\n\t\t\t\t\t\t\t\t\t<option value=\"Agencia de Colocaci\u00f3n\">Agencia de Colocaci\u00f3n<\/option>\n\t\t\t\t\t\t\t\t\t<option value=\"Protocolo frente al acoso\">Protocolo frente al acoso<\/option>\n\t\t\t\t\t\t\t\t\t<option value=\"Software de control horario\">Software de control horario<\/option>\n\t\t\t\t\t\t\t\t\t<option value=\"Servicio de protecci\u00f3n de datos\">Servicio de protecci\u00f3n de datos<\/option>\n\t\t\t\t\t\t\t\t\t<option value=\"Formaci\u00f3n programada para empresas\">Formaci\u00f3n programada para empresas<\/option>\n\t\t\t\t\t\t\t<\/select>\n\t\t<\/div>\n\t\t\t\t\t\t<\/div>\n\t\t\t\t\t\t\t\t<div class=\"elementor-field-type-acceptance elementor-field-group elementor-column elementor-field-group-field_a74a5e6 elementor-col-100 elementor-field-required\">\n\t\t\t\t\t\t\t<div class=\"elementor-field-subgroup\">\n\t\t\t<span class=\"elementor-field-option\">\n\t\t\t\t<input type=\"checkbox\" name=\"form_fields[field_a74a5e6]\" id=\"form-field-field_a74a5e6\" class=\"elementor-field elementor-size-md  elementor-acceptance-field\" required=\"required\">\n\t\t\t\t<label for=\"form-field-field_a74a5e6\"><label style='color: #052855;'> Acepto los t\u00e9rminos de <a href=\"https:\/\/abire.es\/politica-de-privacidad\/\"  style=\"color:#99c6e1\">pol\u00edtica de privacidad<\/a><\/label> <label style='color: #052855;'>as\u00ed como la utilizaci\u00f3n de los datos para recibir novedades de la web.<\/label>\n\n<script>\n          jQuery(function(){\njQuery(\".ekit-mail-submit\").prop(\"disabled\", true);\njQuery(\".ekit-mail-submit\").css(\"background-color\", \"#9f9f9d\");\n jQuery(\".ekit-mail-submit\").css(\"cursor\", \"default\");\n               jQuery(\"#checkPriva\").click(function(){ \n                    if(jQuery(\"#checkPriva\").prop('checked')) {\n                         jQuery(\".ekit-mail-submit\").prop(\"disabled\", false);\n                        jQuery(\".ekit-mail-submit\").css(\"background-color\", \"#46b084\");\n                        jQuery(\".ekit-mail-submit\").css(\"cursor\", \"pointer\");\n                     }\n                     else {\n                         jQuery(\".ekit-mail-submit\").prop(\"disabled\", true);\n                        jQuery(\".ekit-mail-submit\").css(\"background-color\", \"#9f9f9d\");\n                        jQuery(\".ekit-mail-submit\").css(\"cursor\", \"default\");\n                     }\n               })\n          })\n<\/script><\/label>\t\t\t<\/span>\n\t\t<\/div>\n\t\t\t\t\t\t<\/div>\n\t\t\t\t\t\t\t\t<div class=\"elementor-field-group elementor-column elementor-field-type-submit elementor-col-100 e-form__buttons\">\n\t\t\t\t\t<button class=\"elementor-button elementor-size-md\" type=\"submit\">\n\t\t\t\t\t\t<span class=\"elementor-button-content-wrapper\">\n\t\t\t\t\t\t\t\t\t\t\t\t\t\t\t\t\t\t\t\t\t\t<span class=\"elementor-button-text\">ENVIAR<\/span>\n\t\t\t\t\t\t\t\t\t\t\t\t\t<\/span>\n\t\t\t\t\t<\/button>\n\t\t\t\t<\/div>\n\t\t\t<\/div>\n\t\t<\/form>\n\t\t\t\t\t\t<\/div>\n\t\t\t\t<\/div>\n\t\t\t\t\t<\/div>\n\t\t<\/div>\n\t\t\t\t\t<\/div>\n\t\t<\/section>\n\t\t\t\t<\/div>\n\t\t","protected":false},"excerpt":{"rendered":"<p>\u00bfQui\u00e9nes somos? Home Nosotros abire formaci\u00f3n Impulsamos tu futuro empresarial En Abire, creemos que la formaci\u00f3n es la clave para acceder a nuevas oportunidades laborales. Brindamos formaci\u00f3n, herramientas y asesoramiento necesarios para que j\u00f3venes consigan su primer empleo. Contamos con programas actualizados, docentes especializados y una metodolog\u00eda pr\u00e1ctica que permitir\u00e1 a las empresas obtener personas [&hellip;]<\/p>\n","protected":false},"author":1,"featured_media":0,"parent":0,"menu_order":0,"comment_status":"closed","ping_status":"closed","template":"","meta":{"footnotes":""},"class_list":["post-202","page","type-page","status-publish","hentry"],"_links":{"self":[{"href":"https:\/\/abire.es\/nuevaweb\/wp-json\/wp\/v2\/pages\/202","targetHints":{"allow":["GET"]}}],"collection":[{"href":"https:\/\/abire.es\/nuevaweb\/wp-json\/wp\/v2\/pages"}],"about":[{"href":"https:\/\/abire.es\/nuevaweb\/wp-json\/wp\/v2\/types\/page"}],"author":[{"embeddable":true,"href":"https:\/\/abire.es\/nuevaweb\/wp-json\/wp\/v2\/users\/1"}],"replies":[{"embeddable":true,"href":"https:\/\/abire.es\/nuevaweb\/wp-json\/wp\/v2\/comments?post=202"}],"version-history":[{"count":79,"href":"https:\/\/abire.es\/nuevaweb\/wp-json\/wp\/v2\/pages\/202\/revisions"}],"predecessor-version":[{"id":4153,"href":"https:\/\/abire.es\/nuevaweb\/wp-json\/wp\/v2\/pages\/202\/revisions\/4153"}],"wp:attachment":[{"href":"https:\/\/abire.es\/nuevaweb\/wp-json\/wp\/v2\/media?parent=202"}],"curies":[{"name":"wp","href":"https:\/\/api.w.org\/{rel}","templated":true}]}}